= 3*k, -k - 49 = -3*u. Let q be k - -3*(-12)/(-9). Let v = -5 - q. What is the tens digit of v?
4
Suppose -3*z - 25 = 5*u + 4, -16 = u + 4*z. Let m be 2*19/(-2)*u. Suppose 44 + m = 4*a. What is the tens digit of a?
3
Let q(t) = -t**3 + 5*t**2 + 11*t - 6. Let i be q(6). Suppose 0 = 2*x + 3*x - 2*f - 40, 3*x + 2*f = i. What is the units digit of x?
8
Let i(g) = g**2 + 9*g - 19. Let n be i(-8). What is the units digit of 9/(n/(-24))*4?
2
Suppose -4*z + 1 = -291. Suppose p + 174 = 3*p - 5*x, -z = -p - x. What is the tens digit of p?
7
Let w(p) = -2*p - 1. Let k(m) = 226*m + 3. Let s(v) = k(v) + 6*w(v). What is the hundreds digit of s(1)?
2
What is the hundreds digit of (17 - 9) + (1254 - -2)?
2
Let z(c) = -c**3 + 16*c**2 + c - 18. Let v be z(16). What is the tens digit of (-1254)/(-18) + v/(-6)?
7
Let s be -2*(7/(-2) - -3). What is the units digit of 8 - 2 - 3 - s?
2
Let d(n) = -3*n**2 + 5*n + 3. Let u be d(6). Let j be (43/(-3))/(5/u). Suppose 0*v = 5*v - j. What is the tens digit of v?
4
Suppose 0 = -130*i + 135*i - 4030. What is the tens digit of i?
0
Let z(s) be the third derivative of -s**4/12 + s**3/2 + 5*s**2. Let x be z(4). Let c = x + 9. What is the units digit of c?
4
Suppose -2*j - 21*j + 8073 = 0. What is the hundreds digit of j?
3
Suppose 3*g = 2*z - 136, 3*g + g - 5*z = -172. What is the units digit of -5 - (5 - 6) - (-1 + g)?
5
Suppose 0 = 5*i + 5, l = -8*i + 12*i + 990. What is the hundreds digit of l?
9
Let t(d) = d**2 - 35*d - 42. Let g be t(28). What is the units digit of g*((-7)/2)/7?
9
Let r(j) = 10*j + 17. Suppose -10*k - 30 + 120 = 0. What is the tens digit of r(k)?
0
Let a = 11 + -16. Let f be 129/1 - (-15)/a. Let w = f - 90. What is the units digit of w?
6
Let x(w) = 91*w**2 - 6*w + 4. What is the units digit of x(-2)?
0
Let f be (240/9 + 4)*9. Suppose -98 = -u + 5*q, -3*u + 9*q - 12*q + f = 0. What is the units digit of u?
3
What is the tens digit of (-1396)/(-3) + (-1)/12*4?
6
Let s(h) = -8*h - 28. Let u be s(-4). Suppose -3*i + k + 33 = -149, 243 = u*i - k. What is the units digit of i?
1
Let z(q) = q**3 - 4*q**2 + 10. Let b be z(6). Let s = b + 5. Let v = s - 45. What is the tens digit of v?
4
Suppose -3*c + 0*h = 2*h - 1470, -5*c = -5*h - 2475. Suppose 0*b + 3*b = c. What is the tens digit of b/14 + (-10)/(-35)?
1
Let d(t) = -29*t**2 + 3*t + 2. Let k be (-20)/14 - 15/(-35). Let g be d(k). Let u = -6 - g. What is the units digit of u?
4
Suppose 0 = 3*x + 3*k - 951, 4*x - 6*x - 3*k = -637. Suppose x = 5*a - 346. What is the hundreds digit of a?
1
Let o = -169 - -101. Let r be (-3)/2*9*2. Let a = r - o. What is the units digit of a?
1
What is the thousands digit of ((-4)/(-2))/((42/(-4581))/(-7))?
1
Suppose 14 = -16*u + 2*u. What is the units digit of (-88)/((4 - u) + -6)?
8
Let x(y) = -y + 23. Let d(n) = -n**3 - 11*n**2 + 12*n + 10. Let a be d(-12). Let m be x(a). What is the units digit of (-14)/91 - (-210)/m?
6
Suppose 3 + 27 = 3*d. Suppose 3*v + 238 = d*v. What is the tens digit of v?
3
Let r = 1735 + -315. What is the units digit of r?
0
Let f be 4/(-14)*-41 + 52/182. What is the units digit of (f - 11)/(2/38)?
9
Suppose 2*m - 5*m + 48 = 0. Suppose 4 = 5*k - m. Suppose 2*x + 3*n - 20 = n, 2*x + 10 = k*n. What is the units digit of x?
5
Suppose -2*z = -5*l - 50, 13 - 54 = -3*z - l. Suppose 5*f = z + 15. Suppose 4*u = 2*i - 24, f*u - u + 19 = -3*i. What is the units digit of i?
2
Suppose 31*q - 32*q + 2 = 0. What is the tens digit of 27 + (3 - q - 0)*0?
2
Let w = -320 - -393. What is the tens digit of w?
7
Let s(t) = t**3 + 23*t**2 - 22*t + 138. What is the tens digit of s(-23)?
4
Suppose -s + 2928 = 3*j, -9 = -s - 2*s. What is the tens digit of (-2 + 24/20)*j/(-10)?
7
Suppose 177 = 3*k - 198. What is the tens digit of (-1 - -8)/49 + k/7?
1
Let y(d) = -53*d - 215. What is the hundreds digit of y(-44)?
1
Let b(l) = l**2 - 14*l + 181. What is the hundreds digit of b(17)?
2
Suppose w = 13 - 8. Suppose w*k = b + 89, 2*k + b + 19 = 56. What is the units digit of (k/27)/((-2)/(-144))?
8
Suppose -9 = -a - 4. Suppose 818 = a*p + 3*k - 492, k = -2*p + 523. What is the tens digit of p?
5
Let y(v) = -3 - v**3 + 84*v**2 + 3 - 6*v - 89*v**2. What is the units digit of y(-4)?
8
Let r = 29 - -31. Let g = -28 + -8. Let w = g + r. What is the units digit of w?
4
Let q(d) be the third derivative of 4*d**2 + 3/2*d**3 + 0*d + 0 - 1/60*d**5 - 1/2*d**4. What is the tens digit of q(-8)?
4
Suppose -1453*t = -1447*t - 8064. What is the hundreds digit of t?
3
What is the hundreds digit of (0 + 9 + -5)/((-8)/(-2858))?
4
Let f(p) = -p**2 - 4*p - 13. Let c(n) = n**2 - n - 1. Let s(k) = 2*c(k) - 2*f(k). What is the tens digit of s(-5)?
9
What is the units digit of (-2 + (-642)/9)/(80/(-1320))?
0
Suppose 7*g - 9*g = -624. What is the tens digit of g?
1
Let o(v) = -113*v**2 + 5*v + 3. Let p(x) = 57*x**2 - 2*x - 1. Let d be (-4)/(-3)*21/14. Let g(y) = d*o(y) + 5*p(y). What is the units digit of g(1)?
0
Let y be 9/(-5) + 2 - 39/(-5). What is the units digit of (-2 - 2)*((-22)/y + 0)?
1
Let x(z) = z**2 - 5*z - 3. Let q be x(6). Suppose -q*f = -f + 18. What is the units digit of 20/9 + 2/f?
2
Let g be (2/(-6))/((-2)/222). Suppose -a + 35 = -g. What is the tens digit of a?
7
Let q = 1513 + 2704. What is the thousands digit of q?
4
Suppose 17*q = 9*q + 7600. What is the units digit of q?
0
Let g be 1/2*(584 + 2). Suppose -4*n - 91 = g. What is the tens digit of (1 + 5)/((-18)/n)?
3
Suppose -2*b = -5*h, -5*h = -0*h - 20. Let s = b + -16. Let u = s - -28. What is the units digit of u?
2
Let s(b) = -21*b**2 - 1. Let k be s(1). Suppose -4*a = 2*t - 54, -4*t + 101 = -a - 7. Let v = k + t. What is the units digit of v?
5
Let c(b) = b**2 - 8*b - 7. Let s(i) = -i**3 - 6*i**2 + i + 5. Let l be s(-6). What is the units digit of c(l)?
2
Let t(d) = 31*d**2 - d. Let g be t(-1). Suppose -3*j = -g - 82. What is the units digit of j?
8
Let t be 0*(0 + 4/(-8)). Let j(h) = -h**2 + h + 8. Let o be j(t). Suppose y = -l - o + 47, -4*y = -l + 34. What is the units digit of l?
8
Let a = 1085 + -556. What is the tens digit of a?
2
Suppose 129*q - 127*q - 8700 = 0. What is the tens digit of q?
5
Let s(v) = -87*v - 15. What is the units digit of s(-12)?
9
What is the hundreds digit of (8/(-14))/(-2) + 7655/35?
2
Suppose -2 = -2*w - z + 4*z, 12 = -5*w - z. Let t be (w - -3)*-1 + 6. Suppose -t*i + 3*g = -g - 125, g = 0. What is the tens digit of i?
2
Suppose -7 = -o + 16. Suppose -o*a + 22*a + 278 = 0. What is the tens digit of a?
7
Let o(d) = 18*d**3 - d**2 + 4*d + 10. Let z be o(-2). Let g = z + 383. What is the tens digit of g?
3
Let t be 2/3 + 248/6. Let s = 124 + t. Suppose 0 = -5*m - 4*o + 276, -3*m - o + s = o. What is the tens digit of m?
5
Suppose -u + 3*u = 30. Let b be 51/u + (-6)/15. Suppose 0*r - b*d - 30 = -2*r, 0 = -3*d. What is the tens digit of r?
1
Let d = 17 + -5. Let j = 14 - d. What is the tens digit of j + -2 + -1 + 23?
2
Suppose 3*u - 8 = -5. Let z be (58 - 20/(-5))*u. Suppose 4*r - 44 = -2*h, -3*h + z = 6*r - 2*r. What is the tens digit of h?
1
Suppose -3*c - l + 5*l = -226, -l = -c + 76. What is the units digit of c/4 + (-1)/(-2) + 0?
0
Let p = 3 - 8. Let y be 2/p + (-204)/(-60). Suppose -5*b + 47 = 2*m, -y*b + 7*b + 30 = m. What is the tens digit of m?
2
Suppose 5*c - 4*a - 1666 - 1216 = 0, 4*a = 2*c - 1148. Suppose -10*l = -1558 + c. What is the units digit of l?
8
Suppose 0 = 5*x - 0*s - 3*s - 10859, -x + 4*s + 2182 = 0. What is the units digit of x?
0
Suppose 246 = -3*z - 2*y + 1457, z - 395 = -5*y. What is the units digit of z?
5
Suppose 0*q - q - k = 23, 6 = -3*k. Let f = q + 48. What is the tens digit of f?
2
Suppose 8*v - 4395 = 3037. What is the hundreds digit of v?
9
Let x be (-1 + 0)/(-2)*0. Suppose 4*p + 0*p - 260 = x. What is the tens digit of p?
6
What is the hundreds digit of (-14)/((2 - 2776/552) + 3)?
4
What is the hundreds digit of (-3 + (-148 - -1))*28/(-21)?
2
Suppose 0 = 42*x + 34364 - 115802. What is the units digit of x?
9
Suppose -4*k + 7 = 3*p + 1, 0 = -4*p + 3*k + 33. What is the tens digit of 1/6 + 269/p?
4
Let g = -51 - -104. Let q = g + -20. What is the units digit of q?
3
Let m = 88 - 94. What is the hundreds digit of (2 - 5)/(m/344)?
1
Let r(t) = t**2 - 2*t + 6. Suppose -3*b + f - 1 = 0, -b - 5 = -3*f - 2. What is the unit